300022
In base 9, what is -3301 - 2150?
-5451
In base 2, what is 1011 - -110010110011010100111111?
110010110011010101001010
In base 15, what is -8 + -9a8895?
-9a889d
In base 9, what is -5033737 + -6?
-5033744
In base 5, what is 2 + 40240321?
40240323
In base 14, what is 23c66066 - -7?
23c6606d
In base 14, what is -61271 - -25?
-6124a
In base 5, what is -44120 - 1203332?
-1303002
In base 15, what is 68b6c + -99?
68ac3
In base 9, what is 1318 - 344566?
-343247
In base 3, what is -1102120201211010 + -1?
-1102120201211011
In base 7, what is 562604246 - -11?
562604260
In base 5, what is -44022 + -211104?
-310131
In base 14, what is 3 - -219478?
21947b
In base 7, what is 60611 + 166?
61110
In base 7, what is 256265611 + 13?
256265624
In base 16, what is -20a - b5f1?
-b7fb
In base 7, what is 2 - -10540623?
10540625
In base 7, what is 1616313052 - -5?
1616313060
In base 12, what is 8056 - 30?
8026
In base 7, what is -43416 + 3461?
-36625
In base 7, what is 213036 - -526?
213565
In base 6, what is 211410 - 1551?
205415
In base 5, what is -3 + -324033444002?
-324033444010
In base 16, what is 2d7 + 10c4?
139b
In base 14, what is 1 - -1b7597?
1b7598
In base 15, what is 13b920 + 33?
13b953
In base 3, what is -1002222222112 - -212?
-1002222221200
In base 6, what is 21525 - 515400?
-453431
In base 9, what is 61 + 327851?
328022
In base 14, what is -8586 - 12841?
-1adc7
In base 13, what is -19c972 + -42?
-19c9b4
In base 15, what is 5 + e4195?
e419a
In base 16, what is -12103 + 21f5?
-ff0e
In base 8, what is 2365170 + -1550?
2363420
In base 3, what is -12 - -1101011220202000?
1101011220201211
In base 10, what is 3 - 3911584?
-3911581
In base 15, what is -d - -737265?
737257
In base 3, what is 1002 - 1010120102112?
-1010120101110
In base 2, what is 110010001010010 - -10000011110?
110100001110000
In base 16, what is 474f9 - 6?
474f3
In base 15, what is 9a8e8 - 1b?
9a8cc
In base 7, what is 2 - -605312462?
605312464
In base 14, what is -365 - -44bdc?
44877
In base 14, what is 7 - -1b15ac0?
1b15ac7
In base 6, what is 3200322510 - 4?
3200322502
In base 8, what is -2063 + -2145113?
-2147176
In base 11, what is -1737555 - -1?
-1737554
In base 16, what is 3 - -64f344b?
64f344e
In base 16, what is 1c - 6ac07?
-6abeb
In base 16, what is -2af1 - -3e2?
-270f
In base 4, what is 1310 - -10330222?
10332132
In base 7, what is 13236500 - -116?
13236616
In base 8, what is -512 - -16575?
16063
In base 12, what is -a21 - -2728?
1907
In base 14, what is -d + -351b3d8?
-351b407
In base 2, what is 10 - 1010010111001010110111?
-1010010111001010110101
In base 11, what is 67 - -7a939?
7a9a5
In base 11, what is 4412 - -16520?
1a932
In base 5, what is 3 + 1230400120?
1230400123
In base 8, what is -7503034 + -34?
-7503070
In base 10, what is 66478 - -1706?
68184
In base 15, what is -e + a62ca?
a62bb
In base 8, what is 4313 - -22353?
26666
In base 15, what is -4 - -1e0049?
1e0045
In base 5, what is 30012 - 1100?
23412
In base 7, what is 142 - -606501?
606643
In base 5, what is 1200 - -20302100?
20303300
In base 5, what is 240134 - -4140?
244324
In base 4, what is 110332110 - -1003032?
112001202
In base 14, what is 146 - -1547bc?
154924
In base 15, what is 3e1eb1 + 25?
3e1ed6
In base 15, what is -59a46 + -60?
-59aa6
In base 8, what is -156 + 45735?
45557
In base 6, what is -53553012125 - -3?
-53553012122
In base 8, what is -7 + -164330771?
-164331000
In base 2, what is -1010110 + 111110001000010111?
111110000111000001
In base 2, what is 1010110100000001001 - -1000?
1010110100000010001
In base 16, what is -7ce + 2440?
1c72
In base 6, what is 22404 + 20351?
43155
In base 16, what is 5 + 33856?
3385b
In base 12, what is 0 + 1826224a?
1826224a
In base 3, what is 100 + 2220111102220?
2220111110020
In base 4, what is 2 - 3023110121?
-3023110113
In base 8, what is 6 - 4766036?
-4766030
In base 4, what is 12 + 3201302201?
3201302213
In base 6, what is -43 - -132325541?
132325454
In base 12, what is 40b503b6 - -4?
40b503ba
In base 6, what is -13123315145 - 12?
-13123315201
In base 3, what is 100222012001 + -1212210?
100220022021
In base 10, what is 1 + -48740?
-48739
In base 14, what is 837 - -4a27?
5460
In base 14, what is 34 - 2735?
-2701
In base 7, what is -522 + 24126?
23304
In base 6, what is -5040042 - -13304?
-5022334
In base 2, what is 101100100111010110100111110 + 110?
101100100111010110101000100
In base 8, what is 1 - -165302771?
165302772
In base 5, what is 30 - 222111033?
-222111003
In base 6, what is 1532131 + 25?
1532200
In base 16, what is 5 - 371e1b?
-371e16
In base 13, what is -3b + -682a9?
-68317
In base 7, what is 61305306 - -1?
61305310
In base 12, what is -1995 + 1a61?
88
In base 10, what is 756253601 - 0?
756253601
In base 2, what is -11000100010010001110010001 + -100?
-11000100010010001110010101
In base 9, what is 42522 - 25?
42486
In base 5, what is -1343410 - 3022?
-1401432
In base 11, what is 1004 + 5585?
6589
In base 2, what is 1001100011 - 1101100000?
-11111101
In base 16, what is 11f1e30 - -3?
11f1e33
In base 3, what is -21020111 - 112221211?
-211012022
In base 12, what is -1095 + 1112a?
10055
In base 14, what is 4c8bdb + 64?
4c8c61
In base 9, what is 5 - 84005?
-84000
In base 5, what is 3403410203 - 3?
3403410200
In base 15, what is -1b - c1b2?
-c1cd
In base 16, what is ad7ee + -2a6?
ad548
In base 16, what is -45 + -bc1a?
-bc5f
In base 6, what is -54420143 - -115?
-54420024
In base 13, what is 17790 + -29b?
174c2
In base 3, what is 1210122120112 - 210?
1210122112202
In base 2, what is 101110110111 + -100100100100000?
-11110101101001
In base 8, what is 673 + -1555612?
-1554717
In base 16, what is 7 - eb361b?
-eb3614
In base 11, what is 70 - -6550?
6610
In base 16, what is -1b - -6be77?
6be5c
In base 8, what is 30737 - 41714?
-10755
In base 3, what is -1121 + 1202121010220?
1202121002022
In base 12, what is -3661 - -40?
-3621
In base 12, what is -4a8803 - -9?
-4a87b6
In base 16, what is 1850f6 + 6?
1850fc
In base 13, what is 317b085 + -4?
317b081
In base 2, what is -11 + -111111101001101000011000?
-111111101001101000011011
In base 7, what is -40 + 4114301?
4114231
In base 7, what is -12420563 + -131?
-12421024
In base 3, what is -1002120022101011 - 1?
-1002120022101012
In base 7, what is -54 + -322014?
-322101
In base 5, what is 211 + -104141403?
-104141142
In base 5, what is -1 - -322123424443?
322123424442
In base 8, what is 15070617 + -71?
15070526
In base 16, what is -d98ac - -6a?
-d9842
In base 12, what is 269490 + 68?
269538
In base 14, what is -b8a967 + 9?
-b8a95c
In base 9, what is -30337 + -36587?
-67035
In base 4, what is -1323221133 - -10302?
-1323210231
In base 6, what is 243 - -2220023?
2220310
In base 16, what is 165f5 + -112?
164e3
In base 11, what is -154664 + 111?
-154553
In base 14, what is 16cd89 + c?
16cd97
In base 5, what is 23131302400 + -1?
23131302344
In base 4, what is -2 - -13300112231?
13300112223
In base 8, what is -452 + -3335636?
-3336310
In base 13, what is -88 - 12037a?
-120435
In base 4, what is -1210 + 3032213?
3031003
In base 10, what is -1192457 + 30?
-1192427
In base 5, what is 33 + 23243141?
23243224
In base 3, what is -10001200 + -111112010?
-121120210
In base 8, what is 117 + -105061?
-104742
In base 5, what is -213041 - 40310?
-303401
In base 15, what is 16 - -4c55?
4c6b
In base 15, what is 40cd8 - -2c?
40d15
In base 2, what is -1001001110 + 110110000011001?
110100111001011
In base 16, what is 47 + -bdd89?
-bdd42
In base 16, what is -5 - 805e46?
-805e4b
In base 9, what is -772411 - -47?
-772353
In base 15, what is -20a - 422?
-62c
In base 11, what is 301a29 + -2040?
2aa999
In base 10, what is -286517 - 1555?
-288072
In base 5, what is -12 - -3310341344?
3310341332
In base 4, what is -21 + 2122201031?
2122201010
In base 15, what is -1743dae + -2?
-1743db1
In base 11, what is 1663 + 24090?
25743
In base 5, what is -130322 - -13022124?
12341302
In base 13, what is 2b - 5b157?
-5b129
In base 14, what is -128157 + 41?
-128116
In base 6, what is -1514545 + 33102?
-1441443
In base 4, what is -1302222221 - 1?
-1302222222
In base 14, what is 52 + 91a0b5?
91a127
In base 16, what is 6508 + -1937?
4bd1
In base 13, what is -31 - 408614?
-408645
In base 14, what is -3054710c + 0?
-3054710c
In base 11, what is -7860a3 - 30?
-786123
In base 16